he prime factors of l(-7).
97
Suppose -h + 0*u + 6 = -2*u, u + 9 = 2*h. Suppose 4*d + 2*z = 12, -5*z + 21 = d - 0*d. Suppose h*v = d + 35. List the prime factors of v.
3
Let r = 133 + 40. List the prime factors of r.
173
Suppose -5*g + 207 = 4*z - 0*z, -84 = -2*g - 2*z. Suppose -14 = -3*j + 3*i - i, -3*j - 3*i = -g. List the prime factors of j.
2
Suppose 6*t - 49 - 173 = 0. What are the prime factors of t?
37
Let v = 23 - -26. List the prime factors of v.
7
Let p(r) = -r**3 - 7*r**2 - 2*r - 9. Let c = -19 + 12. What are the prime factors of p(c)?
5
Let t(u) = -14*u**2 + 18*u - 14. Let m(d) = 5*d**2 - 6*d + 5. Let k be (0 + 2)*(-34)/4. Let q(r) = k*m(r) - 6*t(r). List the prime factors of q(-5).
2
Suppose 5*y = 4*w + 1, 2*y + 2*y = 3*w + 1. Let z = 5 + w. Suppose -z*d + 10 = -4*d. What are the prime factors of d?
5
Suppose 7*l - 5*l - 20 = 0. Suppose 0 = 5*j - 5 - 15. Suppose l = j*t - 6. What are the prime factors of t?
2
Let q be 16 + 2 - (-1 + 2). What are the prime factors of 1/((4/q)/4)?
17
Suppose 0 = n - 2*z - 36, 4*n + z - 97 = 2*n. What are the prime factors of n?
2, 23
Suppose -l + 34 = -17. List the prime factors of l.
3, 17
Let z(u) = u. Let t(b) = b**3 + 9*b**2 + 2*b - 9. Let q(j) = t(j) - 4*z(j). What are the prime factors of q(-9)?
3
Let z = 19 + -11. Suppose -m = 3*m - z. What are the prime factors of m?
2
Suppose 1169 = -64*l + 71*l. List the prime factors of l.
167
Let i(k) = 3*k**2 + 4*k - 9. List the prime factors of i(4).
5, 11
Suppose f + 4*w = 25, -f + 2*w = 3 + 2. Suppose 3*l = -3*m - 2*m - 72, f*l = -4*m - 55. Let i = 29 + m. List the prime factors of i.
2, 7
Suppose 5*f - 26 = 144. Suppose d = i - 2*d + 12, -4*d + 8 = 0. What are the prime factors of f/6 + (-2)/i?
2, 3
Let v = -39 + 57. List the prime factors of v.
2, 3
Let x be -2*3/2 + 0. Let c be (17/x)/((-1)/3). Suppose -5*z + 3*w - 5*w + 71 = 0, -2*z + 3*w = -c. List the prime factors of z.
13
Suppose -4 = -2*b - 5*h + 37, 4*h = b + 12. Suppose -3*u + b = -1. List the prime factors of u.
3
Let x(g) = -18*g - 1. Suppose 4 = 3*j + 10. List the prime factors of x(j).
5, 7
Suppose 0 = n + 2*n. Let d be 2 + -3*(-1 - n). What are the prime factors of -1 - (0 - 1)*d?
2
Let m(c) = 27*c**3 - 7*c**2 + 5*c + 2. Let r(p) = -14*p**3 + 4*p**2 - 3*p - 1. Let t(a) = -3*m(a) - 5*r(a). List the prime factors of t(-1).
11
Let x be -8 + 5 - (5 + -1). Let v(p) = -2*p + 11. What are the prime factors of v(x)?
5
Let k(j) = j**2 - 13*j + 16. What are the prime factors of k(13)?
2
Suppose 4 - 9 = -5*a. Let v(m) = 9*m**2 + 2*m - 5. Let o(p) = -4*p**2 - p + 3. Let x(b) = 5*o(b) + 3*v(b). What are the prime factors of x(a)?
2
Suppose 0 = -5*s - w - 55, 2*s - 5*w + 33 = -s. Let k = 47 + s. Suppose 4*y = y + k. What are the prime factors of y?
2, 3
What are the prime factors of (-321)/(-21) + 4/(-14)?
3, 5
Let r(g) = g + 7. Let y(h) = -h - 1. Let n be y(2). Let i be r(n). Let x = 19 - i. List the prime factors of x.
3, 5
Let p(s) = -s**2 + 9*s - 9. Let v be ((-2)/3)/((-1)/12). Let u be p(v). List the prime factors of 1 + u + (-2)/(-1).
2
Suppose 2*w - 6*w = -8. Suppose -w*t - 2*y = -18, 16 = 3*t - t + 3*y. What are the prime factors of t?
11
Let n(z) be the third derivative of -z**6/120 + z**5/10 - z**4/4 + 2*z**3/3 - 4*z**2. Let p be n(4). Let w(d) = d + 2. What are the prime factors of w(p)?
2, 7
Let r be 0/(-6 - -4) + 0. Suppose 2*l + r*l = 26. What are the prime factors of l?
13
Suppose -3*v - 15 = 5*n - 38, 14 = 3*n + 2*v. Suppose -n*r - 7 = -75. List the prime factors of r.
17
Let p = -9 - -9. Suppose p*j - 2*j = -8, 3*z - 4*j = 38. What are the prime factors of z?
2, 3
What are the prime factors of (-3)/15 - (-11)/5?
2
Let f = -8 + 11. Suppose 3*p = -2*j - 25, f*p - 2*j = -3*j - 20. What are the prime factors of (-1)/(6/p - -1)?
5
Let x = -51 - -74. What are the prime factors of x?
23
Suppose 356 + 356 = 5*o + z, 578 = 4*o - 2*z. What are the prime factors of o?
11, 13
Let x(k) = -k**3 + 9*k**2 + 13*k + 6. Let j be x(10). Suppose b = -2*b + j. What are the prime factors of b?
2, 3
Suppose 0*t + 202 = -2*t. Let f = -68 - t. List the prime factors of (f/6)/((-3)/(-6)).
11
Let j be ((-112)/12)/((-2)/6). Suppose -2*x + u = 5*u - 36, 4*u = -x + j. List the prime factors of x.
2
What are the prime factors of 12/24*(-2 - -348)?
173
Let j(a) = -a + 7. Let t be j(12). What are the prime factors of ((-152)/(-10))/((-2)/t)?
2, 19
Let k be (-1 + 3 + 0)/(-2). Let l = 1 + k. Suppose l*b - 16 = -b. List the prime factors of b.
2
List the prime factors of (1 - -1) + 8 + 11.
3, 7
Let g(d) = -d - 3. Let v(j) = -2*j - 2. Let u(w) = 4*g(w) - 5*v(w). What are the prime factors of u(2)?
2, 5
Suppose 16 + 0 = 2*t + 5*i, -4*t - 2*i = -16. Suppose 3*v + 2*g = -2*g + 5, t = -3*g. Suppose -6*p + v*p = -9. List the prime factors of p.
3
What are the prime factors of (-18)/12*176/(-12)?
2, 11
Let x be (10 + -1)/((-2)/4). Let h = 30 + x. What are the prime factors of h?
2, 3
Let l = 55 - -81. List the prime factors of l.
2, 17
Let h = 0 - -4. Suppose f = h*f. Suppose f*l = -l - 3*x + 19, l = x + 7. List the prime factors of l.
2, 5
What are the prime factors of 4 - (-44 + 9/3)?
3, 5
Suppose 4*z - 6*z + 6 = 0. Let n(w) = w**2 - 12*w + 2. Let j be n(12). List the prime factors of (15 + z/(-3))/j.
7
List the prime factors of (-45)/(-3) + -3 + 1.
13
Let l = -6 - -7. Let p be l/(-1) - (2 - 5). Suppose -20 + 4 = -p*m. What are the prime factors of m?
2
Suppose -236 = -4*y + 36. List the prime factors of y.
2, 17
Suppose -10 = 2*u + 2. Let z = u + 8. Suppose 2*f - 18 = -z*f - 2*x, 2*x + 18 = 2*f. List the prime factors of f.
2, 3
Suppose 5*t - 105 = -5. List the prime factors of t.
2, 5
Suppose -2*d + 3*d - 57 = 0. What are the prime factors of d?
3, 19
Suppose 0 = 3*o - u + 2*u - 94, -20 = 4*u. Suppose m - 5*b = o, 0 = m + 4*m - 3*b - 165. List the prime factors of m.
3, 11
Let c(q) = q**3 + 9*q**2 + 5*q - 3. List the prime factors of c(-6).
3, 5
Suppose 5*s - 4*x - 82 = 0, -3*x = 3*s - 11 - 49. What are the prime factors of s?
2, 3
Suppose 4*n + b = -37, 3*n + b = 6*b + 1. Let c(v) = -7*v - 3. Let a be c(-2). List the prime factors of n/(-44) - (-86)/a.
2
Suppose -100 - 76 = -4*p. List the prime factors of p.
2, 11
Let k(o) = 2*o - 1. Let y be k(3). Suppose -y = -3*l + 10. Suppose u + 11 - 26 = -l*w, -4*w + 13 = u. What are the prime factors of w?
2
Suppose k + 4 = 3*k. Suppose -5 - 1 = -4*h - 2*o, -k*o = -2*h + 6. Suppose -h*j + 40 = 3*j. List the prime factors of j.
2
Let i(x) = x**2 + 2*x + 1. Let b be i(-4). Let u = b + -13. List the prime factors of (21 - -1)*(-2)/u.
11
Suppose 0 = -4*a + 96 + 52. What are the prime factors of a?
37
Suppose l + 2*h = 3 - 1, 5*l - 4*h = 10. Suppose 4 = 3*r - l. Suppose 0 = w - r*w + 6. What are the prime factors of w?
2, 3
List the prime factors of (6/(-4))/(4/(-40)).
3, 5
Suppose 2*k - 13 - 25 = 0. Suppose 3*j = -4*v + 87, j + 5*v - k - 21 = 0. Suppose -20 - j = -5*q. What are the prime factors of q?
3
Suppose 4*y - 1221 = -0*y + 5*u, 4 = -4*u. List the prime factors of y.
2, 19
Suppose -2*d = -0*d - 278. List the prime factors of d.
139
Suppose 170 = 8*l - 3*l. List the prime factors of l.
2, 17
Suppose -305 = -5*o - 5. Let k(g) = -g + 16. Let v be k(11). Suppose -v*u + o = 10. What are the prime factors of u?
2, 5
Let w(a) = -a**2 + 2*a - 1. Let b be w(1). Let r(z) = -z**2 + 3. Let h be r(b). Suppose h*p + 2*p - 50 = 0. List the prime factors of p.
2, 5
Let c = -2 + 24. Suppose c = 2*n - s, n - 5 - 6 = -2*s. List the prime factors of n.
11
Let p be (9/(-1 + -2))/(-1). Suppose -x = -0*x - 4*h + p, x - 6 = -5*h. Let g(k) = 4*k**2 + k. What are the prime factors of g(x)?
5
Let y = -56 + 93. Let j = y + -6. What are the prime factors of j?
31
Suppose 3*t = 4*x + 27, -x - 8 = -t - 0*t. Let d = -2 + t. Suppose -9 = -d*q + 15. What are the prime factors of q?
2
Suppose 4*y - 5*y = -1. Let x be (8/(-12))/(y/(-27)). Suppose -m = -4*m + x. List the prime factors of m.
2, 3
Let n(s) = s**3 - s**2 - s + 2. Let x be n(0). Suppose 3*c - 8 = x*c. What are the prime factors of c?
2
Let c(r) = -r + 9. Let l be c(9). Suppose 0*p - 2*w = 4*p + 58, 3*p - 5*w + 37 = l. Let d = p - -25. What are the prime factors of d?
11
Let d(b) = -b**3 - 4*b**2 + 8*b - 3. What are the prime factors of d(-6)?
3,